432 = 0, 3*l - 4*u - 197 - 237 = 0. Suppose z*t - 84 = -2*k, -5*t - 10*k = -6*k - l. What is the units digit of t?
6
Suppose 0 = -126*l + 5698366 - 2044240. What is the thousands digit of l?
9
Suppose -5*o - 17*d - 6 = -21*d, 3*o - 26 = -5*d. Suppose 3211 = 11*s + o*s. What is the units digit of s?
7
Let v = -18855 - -40929. What is the units digit of v?
4
Suppose -3*t - 6 = -2*q, 4*q - 2*t - 6 = 6. Suppose q*d = 5*d - 948. What is the tens digit of d?
7
Let f = -2642 - -6199. Suppose 0 = w - 6*w - 3*u + f, -2849 = -4*w + u. What is the units digit of w?
2
Let h = -31 + 30. Let z be 1/(-1) + 0 - (h + -2). Suppose -3*w = p - 138, -2*w = z*p - 370 + 102. What is the hundreds digit of p?
1
Let q(z) = -z + 17. Let j be q(22). Let d(l) = -83*l - 37. What is the hundreds digit of d(j)?
3
Let q(r) = -r**3 + 111*r**2 + 37*r - 56. What is the hundreds digit of q(111)?
0
Let t(j) = -14*j - 93. Let x = -209 + 189. What is the units digit of t(x)?
7
Let p(n) = 150*n + 20. Let h be p(-4). Let s = -386 - h. What is the units digit of s?
4
Let t(g) = -14390*g**3 + 10*g + 10. What is the thousands digit of t(-1)?
4
Let p(a) = 38*a + 65. Let n be p(13). Suppose -7*h = n - 1483. What is the hundreds digit of h?
1
What is the thousands digit of 16/(-6)*(749738/(-56) + 16/(-224))?
5
Let b(r) = r**3 + 16*r**2 + 13*r + 30. Suppose -5*k + 3*q = 84, -k + 0*q - 4*q = 3. Let a be b(k). Suppose 64*i = a*i + 160. What is the units digit of i?
0
Let g = -9182 + 15599. What is the tens digit of g?
1
What is the units digit of 4/(-372)*6 - (-11381016)/744?
7
Suppose a + 0*a - 1531 = -5*q, -a + 917 = 3*q. Suppose 109 = -u + q. What is the hundreds digit of u?
1
Let f(j) = -49*j**3 + 3*j**2 - 12*j - 114. What is the thousands digit of f(-7)?
6
Let b be (-166)/18 + (-22)/(-99). Let n(l) = l**2 + 5*l + 0*l + 4*l + 20. What is the tens digit of n(b)?
2
Let v(h) = -h**2 + 7*h - 2. Let r be v(8). Let i(x) = -55*x + 9*x - 21 + 57 + 40*x. What is the units digit of i(r)?
6
Let m be 1/(7/(-3523)) + 142/497. Let z = 1298 + m. What is the hundreds digit of z?
7
Suppose 4*i = -21*i. What is the tens digit of 7/(((-10)/(-106))/5) - i?
7
What is the hundreds digit of 12/(-22) + (-5316320)/(-440)?
0
Suppose -56*z + 30*z = 47*z - 438. Let v(s) be the third derivative of 5*s**4/8 - 5*s**3/6 - s**2. What is the units digit of v(z)?
5
Suppose 6*q - 7*q + 16 = 5*o, -2*q + 5 = o. Let i(k) = -k**3 + 7*k**2 - 4*k + 4. What is the units digit of i(o)?
8
Let k be -5*(24/90)/(4/(-18)). Suppose -41 = k*i - 5. What is the units digit of (-144 + i)/(6/(-4))?
0
Suppose 205*t = 206*t - 258. Let r = t - 233. What is the tens digit of r?
2
What is the hundreds digit of 12/(-15) + 12/(780/3634397)?
9
Suppose 3*c = 4*c - 3*r - 32, 0 = 2*r. Let x = 36 - c. Suppose m + x*i = -2*m + 50, 0 = 3*m + 3*i - 51. What is the tens digit of m?
1
What is the units digit of (-170303796)/(-2916) - (-14)/18?
4
Suppose 0 = -86*s + 89*s - 45. What is the hundreds digit of 5*(-12)/(-100) + 28746/s?
9
Suppose 10*h - 130 - 450 = 0. Let m = -57 + h. What is the tens digit of m*(208 - 15/5)?
0
Let c = 1736 + -825. Let v = -668 + c. What is the units digit of v?
3
Let f(c) = 11*c**2 + 68*c + 1592. What is the hundreds digit of f(-13)?
5
Suppose -4821 = -4*w - 3*f, -4*w + 5770 - 942 = -4*f. Let d = w - 466. What is the tens digit of d?
4
Let b(g) = g**2 - 5*g - 3. Let p be b(8). Let t = p + -9. What is the tens digit of (8/t)/(1/111)?
7
Let h = 14519 - 5231. What is the units digit of h?
8
Let p be (-8)/12*(-326 + -13). Suppose 5*i + 2*s = 6*i - 222, 0 = -i + 3*s + p. What is the tens digit of i?
1
What is the hundreds digit of (234/5 + 0/1)/((-6)/(-3810))?
7
Let h(a) = a**3 + 8*a**2 + 10*a + 15. Let x be h(-6). Let y be (x/6 - 3)*(-16)/(-3). Suppose 0 = -g + 82 + y. What is the tens digit of g?
9
Let t = -287 - 237. Let x = t - -78. What is the tens digit of -1 + 9/7 + x/(-7)?
6
Let w = -9077 + 15526. What is the units digit of w?
9
Let s be -1 - 2 - (0 - 2). Let u = -167 - -167. What is the tens digit of ((-71)/(1 + u))/s?
7
Suppose 103*s = 210*s - 1846499. What is the tens digit of s?
5
Let p(u) = -u**3 - 7*u**2 + u + 8. Let f be p(-7). Let b be (0 - (f + -1))/2. Suppose -3*c - 6*c + 999 = b. What is the tens digit of c?
1
Suppose 5*t = -10, -2*t + 7*t = 3*o - 22. Suppose 0 = -4*q + o*u + 3316, -q + 481 = 4*u - 323. What is the units digit of q?
4
Let b(j) = 2*j**3 + 25*j**2 - 558*j - 24. What is the thousands digit of b(24)?
8
Suppose 2*g = -0*g + 6. Let f be (10/15)/((-18)/27)*-3. Suppose f*c + g*c = 1284. What is the tens digit of c?
1
Suppose 18 = -21*m + 81. Suppose 5*h = -m*i + 3295, h = i - 967 - 126. What is the thousands digit of i?
1
Suppose -77*u + 4964982 = -1745645. What is the units digit of u?
1
Let a be 21090/9 - 31/93. Let b = a - 1315. What is the thousands digit of b?
1
Let j = -1243 - -787. Let y = 7 - j. What is the units digit of y?
3
Suppose 1252*t + 24 = 1258*t. Suppose 330 = r - 5*u - 397, t*r = -u + 2929. What is the hundreds digit of r?
7
Let z(v) = -6*v**3 - 31*v**2 - 177*v - 27. What is the thousands digit of z(-12)?
8
Let r(s) = 35*s - 136. What is the units digit of r(9)?
9
Let d = 222 + 1. Let i = 589 + d. What is the hundreds digit of i?
8
Suppose 0*t + 5*t + t = 0. Suppose t = -5*a - 4*w + 2, 2*w - 25 = 5*a - 3*w. What is the units digit of (4 - a)/(-2) - -98?
5
Suppose 195*n = 160*n + 141925. What is the hundreds digit of n?
0
Suppose -4*r + 3864 = -4504. What is the tens digit of r?
9
Let b(c) = 44*c - 85. Let i be b(24). Suppose 430 = 2*m - q - 224, 3*m - i = -q. What is the tens digit of m?
2
Suppose 287 + 343 = 5*o. What is the hundreds digit of o - ((-20)/4 - -10)?
1
Let v be (54/8)/(39/728). Suppose 6*q - 8*q = -v. Let x = q - -20. What is the tens digit of x?
8
Let y(k) = 239*k**2 - 17*k + 30. Let q be y(2). Suppose -4*g + 8 = 0, 5*i + q = 9*i + 2*g. What is the tens digit of i?
3
What is the tens digit of (-52432870)/(-812) - (-10)/(-4)?
7
Suppose -4*r - b = -1161, -2*r - 6*b + 588 = -8*b. What is the units digit of 0 - (6 + r/(-1))?
5
Let o be 2/8 + (-2610)/(-24) + 1. Suppose 5*r - o = -4*a, 6*r - 4*a = 2*r + 52. What is the units digit of 19/(19/r) - 1*-2?
0
Let c be 2 - 42/(2 - 4). Let n(z) = z**3 + 6*z**2 - 12*z - 17. Let i be n(-7). Let s = i + c. What is the units digit of s?
1
Let l(x) be the second derivative of x**4/12 - x**3/3 - 5*x**2 - x. Suppose 195*w - 222*w = -189. What is the tens digit of l(w)?
2
Let n = 15639 - 2585. What is the ten thousands digit of n?
1
Suppose -55514 = -39*s + 74395. What is the hundreds digit of s?
3
Let y(w) = 14*w**2 + 2*w - 15. Suppose 5*u = 4*f + 19, 0 = -3*u + 4*u + 4*f + 1. What is the hundreds digit of y(u)?
1
Let c = -20 + 23. Suppose -30 = -4*x - 2*o, -6*o = -x - c*o - 10. Suppose -3*i = -x*h + 2*i + 475, i - 184 = -2*h. What is the units digit of h?
3
Let w = 3695 + -291. What is the thousands digit of w?
3
Let t = 34 - -266. Suppose 10*y = 7*y - 5*q + 450, t = 2*y + q. Suppose -4*s + y = 5*f - 8*s, -s = 0. What is the tens digit of f?
3
Let j = -24 - -26. Let v(m) = m**3 + 0 + 9*m**j + 2 - m + 4 - m**2. What is the tens digit of v(-4)?
7
Let m(x) = 3*x**2 + 43*x - 98*x + x**2 + 46*x. Let a(s) = -5*s**2 + 8*s + 1. Let o(u) = -5*a(u) - 4*m(u). What is the tens digit of o(5)?
0
Let t = 0 + 6. Let d be (-3)/2*t/(-9)*0. Suppose -2*v + 238 = -d*v. What is the tens digit of v?
1
Let l(j) = -606*j + 85. What is the thousands digit of l(-14)?
8
Suppose 7*i + 10*i - 23205 = 0. Let q = i + -669. What is the tens digit of q?
9
Let x = 46318 - 252. What is the thousands digit of x?
6
Let k be (-3)/(((-2)/620)/(1/(-2))). Let c = k - -1151. What is the tens digit of c?
8
Suppose -5*a = 2*h + 13, 3*a + 0*a + 4*h + 5 = 0. Let p be 0/(1 + -2) - (a + -2). Suppose p*k - 891 = -6*k. What is the units digit of k?
1
Suppose 16*z - 151471 + 63311 = 0. What is the thousands digit of z?
5
Suppose 349*j - 354*j = 20, -2*j + 66560 = 4*v. What is the thousands digit of v?
6
Let b(v) = 11 + 0*v**2 - 3*v + 7*v**2 + 2*v**2 - v**3 + 12*v. Let p be b(11). Let c = p + 242. What is the units digit of c?
0
Let c be 620/(-60) - 4/(-3). What is the tens digit of (-117)/(-6)*(-84)/c?
8
Suppose 55 = 34*l - 115. Let b(s) = 47*s**2 - 5*s + 6. What is the tens digit of b(l)?
5